the remainder when 43561 is divided by 26.
11
What is the remainder when 2039031 is divided by 370?
331
What is the remainder when 11911 is divided by 4986?
1939
Calculate the remainder when 10507775 is divided by 171.
167
What is the remainder when 43677 is divided by 43471?
206
What is the remainder when 127620 is divided by 200?
20
Calculate the remainder when 78347446 is divided by 8.
6
What is the remainder when 1618542 is divided by 1051?
2
Calculate the remainder when 556506 is divided by 19873.
62
What is the remainder when 7719166 is divided by 21683?
18
What is the remainder when 62579085 is divided by 396?
393
Calculate the remainder when 169047557 is divided by 2920.
2917
Calculate the remainder when 52731 is divided by 4387.
87
Calculate the remainder when 427996 is divided by 15.
1
What is the remainder when 199478 is divided by 66492?
2
What is the remainder when 7983 is divided by 4216?
3767
What is the remainder when 366716 is divided by 73326?
86
Calculate the remainder when 5131783 is divided by 81.
28
Calculate the remainder when 1340181 is divided by 670083.
15
What is the remainder when 23071 is divided by 21838?
1233
What is the remainder when 84796 is divided by 1144?
140
What is the remainder when 389534 is divided by 6955?
54
Calculate the remainder when 2786184 is divided by 36183.
93
What is the remainder when 281888 is divided by 3204?
3140
Calculate the remainder when 39406482 is divided by 2025.
2007
Calculate the remainder when 3852289 is divided by 1719.
10
Calculate the remainder when 3856136 is divided by 409.
84
Calculate the remainder when 361093 is divided by 4008.
373
Calculate the remainder when 17203510 is divided by 248.
246
Calculate the remainder when 37882 is divided by 175.
82
Calculate the remainder when 28589 is divided by 304.
13
Calculate the remainder when 26614949 is divided by 523.
2
What is the remainder when 151430 is divided by 13762?
48
What is the remainder when 46120 is divided by 7212?
2848
What is the remainder when 54427 is divided by 13102?
2019
What is the remainder when 295552 is divided by 5911?
2
Calculate the remainder when 5562249 is divided by 239.
2
What is the remainder when 671497 is divided by 1441?
1432
Calculate the remainder when 747402 is divided by 249132.
6
What is the remainder when 93622 is divided by 46720?
182
What is the remainder when 73045809 is divided by 483747?
12
What is the remainder when 385877 is divided by 2270?
2247
What is the remainder when 163101 is divided by 8136?
381
Calculate the remainder when 3490415 is divided by 81170.
105
Calculate the remainder when 148569662 is divided by 1650774.
2
Calculate the remainder when 3808541 is divided by 1904207.
127
What is the remainder when 5323177 is divided by 1064590?
227
Calculate the remainder when 983743 is divided by 289.
276
Calculate the remainder when 1961649 is divided by 980824.
1
What is the remainder when 7836 is divided by 967?
100
Calculate the remainder when 79402 is divided by 79389.
13
What is the remainder when 70807 is divided by 277?
172
What is the remainder when 287527 is divided by 3984?
679
What is the remainder when 177899302 is divided by 71?
69
What is the remainder when 271772 is divided by 1912?
268
What is the remainder when 1387131 is divided by 7972?
3
Calculate the remainder when 32729466 is divided by 1423019.
29
Calculate the remainder when 17640 is divided by 1781.
1611
What is the remainder when 11114438 is divided by 1477?
13
What is the remainder when 908543 is divided by 470?
33
Calculate the remainder when 4775691 is divided by 11821.
7
Calculate the remainder when 25425 is divided by 12530.
365
What is the remainder when 12475 is divided by 35?
15
Calculate the remainder when 12588385 is divided by 951.
949
What is the remainder when 42996 is divided by 2654?
532
Calculate the remainder when 390014 is divided by 9.
8
Calculate the remainder when 13838405 is divided by 1453.
33
What is the remainder when 40843699 is divided by 448?
435
What is the remainder when 6370985 is divided by 1114?
19
Calculate the remainder when 3537476 is divided by 321588.
8
Calculate the remainder when 857407 is divided by 65924.
395
Calculate the remainder when 3779318 is divided by 251953.
23
What is the remainder when 413590 is divided by 254?
78
What is the remainder when 94326 is divided by 1187?
553
What is the remainder when 127120290 is divided by 65?
50
What is the remainder when 2584952 is divided by 11?
7
Calculate the remainder when 98214 is divided by 8179.
66
What is the remainder when 135124 is divided by 10390?
54
What is the remainder when 1480489 is divided by 11?
10
What is the remainder when 4263742 is divided by 935?
142
What is the remainder when 16444269 is divided by 865484?
73
Calculate the remainder when 225767876 is divided by 247.
243
Calculate the remainder when 2765072 is divided by 1382528.
16
What is the remainder when 3223458016 is divided by 5223?
5221
What is the remainder when 750983 is divided by 377?
376
Calculate the remainder when 14363699 is divided by 48.
35
What is the remainder when 116181 is divided by 464?
181
Calculate the remainder when 289836 is divided by 57966.
6
What is the remainder when 1185044 is divided by 28903?
21
Calculate the remainder when 11521513 is divided by 3805.
3778
What is the remainder when 313682 is divided by 309514?
4168
Calculate the remainder when 346887 is divided by 86717.
19
Calculate the remainder when 448243 is divided by 89637.
58
What is the remainder when 4162706 is divided by 670?
666
What is the remainder when 571102 is divided by 1284?
1006
Calculate the remainder when 230323547 is divided by 248.
243
Calculate the remainder when 1512765 is divided by 13041.
9
What is the remainder when 182500881 is divided by 18?
15
Calculate the remainder when 21065 is divided by 1995.
1115
What is the remainder when 987605 is divided by 8897?
38
Calculate the remainder when 1639271 is divided by 1412.
1351
Calculate the remainder when 14405534 is divided by 27129.
35
Calculate the remainder when 47550 is divided by 727.
295
Calculate the remainder when 14096363 is divided by 634.
7
What is the remainder when 4339930 is divided by 196?
98
What is the remainder when 1306536 is divided by 48375?
411
What is the remainder when 3571385 is divided by 1672?
1665
Calculate the remainder when 17035842 is divided by 896621.
43
Calculate the remainder when 350408 is divided by 116801.
5
Calculate the remainder when 14897515 is divided by 7899.
1
What is the remainder when 64365 is divided by 2192?
797
What is the remainder when 20471847 is divided by 1286?
13
Calculate the remainder when 5089162 is divided by 2952.
2866
Calculate the remainder when 98527 is divided by 3176.
71
Calculate the remainder when 4027499 is divided by 26.
21
Calculate the remainder when 20719510 is divided by 25.
10
What is the remainder when 10624335 is divided by 407?
7
Calculate the remainder when 611348 is divided by 177.
167
What is the remainder when 2096873 is divided by 281?
51
What is the remainder when 22928284 is divided by 11464140?
4
What is the remainder when 4546993 is divided by 814?
803
What is the remainder when 13166341 is divided by 3291584?
5
Calculate the remainder when 145332 is divided by 1816.
52
Calculate the remainder when 447057 is divided by 447051.
6
What is the remainder when 120272 is divided by 40075?
47
What is the remainder when 353658 is divided by 431?
238
Calculate the remainder when 2528987 is divided by 5548.
4647
Calculate the remainder when 1167017 is divided by 2947.
5
Calculate the remainder when 1005953 is divided by 1708.
1649
What is the remainder when 61354 is divided by 7604?
522
Calculate the remainder when 1772195 is divided by 5434.
711
Calculate the remainder when 1288384 is divided by 102.
22
What is the remainder when 31504737 is divided by 170?
167
Calculate the remainder when 39453 is divided by 726.
249
What is the remainder when 17476861 is divided by 932?
929
What is the remainder when 8147002 is divided by 2715663?
13
Calculate the remainder when 124928 is divided by 65.
63
What is the remainder when 2456899 is divided by 1228423?
53
Calculate the remainder when 30206276 is divided b